re the prime factors of 78133636?
2, 7, 271, 1471
List the prime factors of 107322852.
2, 3, 7, 13, 29, 3389
What are the prime factors of 104795832?
2, 3, 4366493
What are the prime factors of 1298170558?
2, 17, 29, 1316603
What are the prime factors of 38965346?
2, 7, 83, 33533
What are the prime factors of 88120253?
13, 47, 144223
List the prime factors of 811608874.
2, 197, 2059921
List the prime factors of 172707734.
2, 431, 200357
List the prime factors of 137162047.
11, 12469277
What are the prime factors of 26100788?
2, 7, 67, 13913
What are the prime factors of 26069890?
2, 5, 7, 11, 33857
List the prime factors of 49605971.
49605971
List the prime factors of 14920306.
2, 347, 21499
What are the prime factors of 292398670?
2, 5, 29239867
What are the prime factors of 189225271?
31, 73, 83617
List the prime factors of 797411621.
797411621
What are the prime factors of 290784147?
3, 23, 37, 113899
What are the prime factors of 1794117335?
5, 29, 97, 199, 641
What are the prime factors of 3174564?
2, 3, 137, 1931
List the prime factors of 97247251.
1663, 58477
List the prime factors of 4076578.
2, 11, 185299
What are the prime factors of 41670543?
3, 587, 23663
What are the prime factors of 729254906?
2, 364627453
List the prime factors of 224976967.
19, 61, 194113
What are the prime factors of 88822697?
88822697
List the prime factors of 184339591.
184339591
List the prime factors of 1318279696.
2, 103, 113, 7079
What are the prime factors of 3135357123?
3, 2251, 464291
List the prime factors of 605166055.
5, 13, 19, 29, 61, 277
List the prime factors of 2560686238.
2, 11, 661, 176089
What are the prime factors of 11765872?
2, 735367
List the prime factors of 587712634.
2, 73, 4025429
What are the prime factors of 4414716686?
2, 2207358343
List the prime factors of 1160848264.
2, 17, 487, 1031
What are the prime factors of 584023478?
2, 292011739
What are the prime factors of 8959835058?
2, 3, 23, 64926341
List the prime factors of 171477234.
2, 3, 9526513
What are the prime factors of 1135887326?
2, 7, 521, 22247
List the prime factors of 12456807.
3, 11, 211, 1789
List the prime factors of 6456944394.
2, 3, 173, 2073521
List the prime factors of 518689911.
3, 19, 29, 179, 1753
List the prime factors of 12374752.
2, 13, 151, 197
What are the prime factors of 86727353?
17, 5101609
What are the prime factors of 1562680153?
1562680153
What are the prime factors of 220434899?
43, 5126393
List the prime factors of 1081435790.
2, 5, 17, 71, 89597
What are the prime factors of 365527840?
2, 5, 2284549
List the prime factors of 65174265.
3, 5, 13, 111409
List the prime factors of 221983942.
2, 37, 2999783
List the prime factors of 3212999821.
37, 86837833
List the prime factors of 605811832.
2, 7853, 9643
What are the prime factors of 161870944?
2, 5058467
What are the prime factors of 30354978?
2, 3, 5059163
List the prime factors of 47244862.
2, 7, 1049, 3217
List the prime factors of 1811239107.
3, 603746369
What are the prime factors of 176505764?
2, 17, 401, 6473
What are the prime factors of 23675610?
2, 3, 5, 7, 112741
List the prime factors of 148170332.
2, 37042583
What are the prime factors of 4773071342?
2, 13, 227, 808721
What are the prime factors of 1632559200?
2, 3, 5, 31, 21943
List the prime factors of 1776823679.
89, 19964311
What are the prime factors of 99200799?
3, 2843, 3877
List the prime factors of 376147585.
5, 11, 6839047
What are the prime factors of 702359598?
2, 3, 2339, 50047
List the prime factors of 505371842.
2, 19, 699961
List the prime factors of 477561573.
3, 277, 191561
What are the prime factors of 1477508829?
3, 492502943
What are the prime factors of 150374190?
2, 3, 5, 5012473
What are the prime factors of 1489838?
2, 7, 106417
List the prime factors of 1829091937.
1829091937
What are the prime factors of 8807101?
1601, 5501
List the prime factors of 4292442798.
2, 3, 7, 19, 5379001
List the prime factors of 5362029352.
2, 823, 814403
What are the prime factors of 53449438?
2, 7, 3817817
List the prime factors of 19897903.
19897903
What are the prime factors of 969357107?
71, 601, 22717
What are the prime factors of 153211568?
2, 173, 55351
What are the prime factors of 259887584?
2, 11, 738317
List the prime factors of 43231266.
2, 3, 13, 61583
What are the prime factors of 850080716?
2, 17, 41, 304907
List the prime factors of 3506648777.
3506648777
List the prime factors of 66750086.
2, 13, 2567311
List the prime factors of 3562558027.
7, 508936861
What are the prime factors of 3374372037?
3, 41, 27433919
List the prime factors of 1868214147.
3, 9181, 67829
List the prime factors of 71898215.
5, 37, 41, 9479
What are the prime factors of 1617465?
3, 5, 17, 6343
What are the prime factors of 457342807?
59, 7751573
List the prime factors of 38419858.
2, 19209929
What are the prime factors of 198961364?
2, 7, 53, 107, 179
List the prime factors of 395176244.
2, 98794061
What are the prime factors of 1152245167?
13933, 82699
List the prime factors of 382699284.
2, 3, 11, 263567
List the prime factors of 8376251.
13, 644327
List the prime factors of 2111593333.
2111593333
What are the prime factors of 12521440?
2, 5, 78259
List the prime factors of 2879263664.
2, 73, 2465123
What are the prime factors of 366335873?
17, 523, 41203
What are the prime factors of 86795360?
2, 5, 41, 101, 131
List the prime factors of 463268775.
3, 5, 6176917
What are the prime factors of 54595017?
3, 37, 67, 2447
List the prime factors of 39334019.
163, 241313
List the prime factors of 1158919247.
107, 10831021
List the prime factors of 7255013.
89, 81517
List the prime factors of 256198638.
2, 3, 313, 136421
List the prime factors of 24891790.
2, 5, 7, 11, 32327
What are the prime factors of 718527065?
5, 787, 182599
List the prime factors of 11068023.
3, 31, 61, 1951
List the prime factors of 663412392.
2, 3, 9214061
List the prime factors of 307568156.
2, 7, 1481, 7417
What are the prime factors of 282463072?
2, 31, 284741
What are the prime factors of 321900600?
2, 3, 5, 7, 10949
What are the prime factors of 120936491?
13, 101, 92107
What are the prime factors of 153045830?
2, 5, 7, 2186369
List the prime factors of 781158560.
2, 5, 7, 13, 4127
What are the prime factors of 1280670530?
2, 5, 7841, 16333
List the prime factors of 6301214109.
3, 41, 43, 397127
List the prime factors of 297490980.
2, 3, 5, 19, 59, 4423
List the prime factors of 34518925.
5, 7, 17, 41, 283
List the prime factors of 6335053251.
3, 2111684417
What are the prime factors of 2823896082?
2, 3, 7, 31, 251, 8641
List the prime factors of 275063242.
2, 2753, 49957
List the prime factors of 274171803.
3, 91390601
List the prime factors of 142591092.
2, 3, 7, 251, 6763
List the prime factors of 452005647.
3, 431, 349579
List the prime factors of 30368635.
5, 11, 571, 967
List the prime factors of 3808833408.
2, 3, 17, 241, 269
What are the prime factors of 78011307?
3, 11, 787993
What are the prime factors of 351040838?
2, 31, 47, 179, 673
What are the prime factors of 10197420?
2, 3, 5, 169957
List the prime factors of 451731555.
3, 5, 11, 19, 43, 1117
What are the prime factors of 7006956500?
2, 5, 911, 15383
List the prime factors of 5325159.
3, 7, 239, 1061
What are the prime factors of 492662157?
3, 13, 769, 16427
What are the prime factors of 11671031?
11671031
What are the prime factors of 6319676?
2, 11, 143629
List the prime factors of 2691022671.
3, 617, 484607
List the prime factors of 195470012.
2, 17, 2874559
List the prime factors of 415719773.
7, 1212011
What are the prime factors of 45298567?
45298567
What are the prime factors of 394487751?
3, 7, 281, 66851
What are the prime factors of 1291905001?
103, 12542767
List the prime factors of 195727031.
83, 2358157
List the prime factors of 1091790947.
13, 83983919
What are the prime factors of 1400197366?
2, 2017, 347099
What are the prime factors of 14976235?
5, 17, 176191
List the prime factors of 39689914.
2, 11, 157, 11491
What are the prime factors of 5330296879?
19, 280541941
What are the prime factors of 26217500?
2, 5, 10487
What are the prime factors of 1314240229?
1314240229
List the prime factors of 168315732.
2, 3, 13, 89, 449
What are the prime factors of 458061?
3, 179, 